en thousands digit of 1020144?
2
What is the hundreds digit of 3274410?
4
What is the hundred thousands digit of 535750?
5
What is the hundreds digit of 15182657?
6
What is the units digit of 541729?
9
What is the tens digit of 11127158?
5
What is the hundreds digit of 59854?
8
What is the units digit of 1825660?
0
What is the hundreds digit of 3768700?
7
What is the ten thousands digit of 71504?
7
What is the millions digit of 1245150?
1
What is the hundred thousands digit of 1046345?
0
What is the millions digit of 14298724?
4
What is the millions digit of 2783890?
2
What is the thousands digit of 13504205?
4
What is the tens digit of 6723481?
8
What is the units digit of 504434?
4
What is the hundreds digit of 18456936?
9
What is the tens digit of 911695?
9
What is the tens digit of 438359?
5
What is the units digit of 178209?
9
What is the thousands digit of 15243627?
3
What is the millions digit of 2773148?
2
What is the hundred thousands digit of 7911381?
9
What is the units digit of 11058125?
5
What is the tens digit of 345604?
0
What is the thousands digit of 20013318?
3
What is the units digit of 2156084?
4
What is the thousands digit of 18767141?
7
What is the ten thousands digit of 2860649?
6
What is the ten thousands digit of 5473850?
7
What is the hundreds digit of 400245?
2
What is the hundreds digit of 1274219?
2
What is the tens digit of 84539?
3
What is the hundred thousands digit of 430156?
4
What is the hundred thousands digit of 287505?
2
What is the thousands digit of 171790?
1
What is the tens digit of 22033550?
5
What is the hundreds digit of 32406848?
8
What is the thousands digit of 6857632?
7
What is the units digit of 336506?
6
What is the thousands digit of 596028?
6
What is the thousands digit of 2375912?
5
What is the thousands digit of 524802?
4
What is the hundreds digit of 2470665?
6
What is the hundreds digit of 62921?
9
What is the hundreds digit of 117864?
8
What is the hundreds digit of 19713?
7
What is the ten thousands digit of 752224?
5
What is the hundreds digit of 368291?
2
What is the thousands digit of 182365?
2
What is the thousands digit of 265895?
5
What is the ten thousands digit of 13800313?
0
What is the tens digit of 193762?
6
What is the tens digit of 8560685?
8
What is the hundreds digit of 7149743?
7
What is the ten thousands digit of 409454?
0
What is the units digit of 13262?
2
What is the thousands digit of 655680?
5
What is the tens digit of 3179943?
4
What is the ten thousands digit of 8657481?
5
What is the ten millions digit of 12467478?
1
What is the hundred thousands digit of 602346?
6
What is the units digit of 8429384?
4
What is the hundred thousands digit of 194135?
1
What is the thousands digit of 43636454?
6
What is the hundred thousands digit of 841278?
8
What is the units digit of 162568?
8
What is the thousands digit of 176729?
6
What is the millions digit of 1712911?
1
What is the hundred thousands digit of 420790?
4
What is the units digit of 4871703?
3
What is the tens digit of 235809?
0
What is the hundreds digit of 634975?
9
What is the hundreds digit of 377016?
0
What is the ten thousands digit of 1295754?
9
What is the units digit of 18044602?
2
What is the ten thousands digit of 998874?
9
What is the thousands digit of 11103752?
3
What is the hundreds digit of 974179?
1
What is the millions digit of 17574983?
7
What is the tens digit of 49454?
5
What is the thousands digit of 9424599?
4
What is the thousands digit of 4775207?
5
What is the hundred thousands digit of 16624224?
6
What is the tens digit of 14520139?
3
What is the ten millions digit of 11189023?
1
What is the thousands digit of 77726?
7
What is the ten millions digit of 31168839?
3
What is the thousands digit of 311211?
1
What is the thousands digit of 12417821?
7
What is the hundreds digit of 159880?
8
What is the hundreds digit of 15376847?
8
What is the tens digit of 66463?
6
What is the units digit of 171182?
2
What is the hundreds digit of 9358594?
5
What is the units digit of 27792071?
1
What is the hundred thousands digit of 3012343?
0
What is the hundreds digit of 1390302?
3
What is the tens digit of 1151365?
6
What is the millions digit of 2896817?
2
What is the thousands digit of 1302374?
2
What is the ten thousands digit of 719902?
1
What is the ten thousands digit of 38088?
3
What is the thousands digit of 78149?
8
What is the tens digit of 5139395?
9
What is the thousands digit of 767357?
7
What is the ten thousands digit of 6152135?
5
What is the thousands digit of 424279?
4
What is the units digit of 75786?
6
What is the units digit of 116432?
2
What is the units digit of 2755516?
6
What is the units digit of 1374985?
5
What is the hundreds digit of 650339?
3
What is the millions digit of 18604633?
8
What is the ten thousands digit of 2779537?
7
What is the ten thousands digit of 883541?
8
What is the tens digit of 120399?
9
What is the millions digit of 8975134?
8
What is the tens digit of 10868128?
2
What is the tens digit of 3135606?
0
What is the thousands digit of 24005?
4
What is the thousands digit of 379013?
9
What is the units digit of 21385212?
2
What is the tens digit of 36574?
7
What is the tens digit of 4967559?
5
What is the hundred thousands digit of 229393?
2
What is the thousands digit of 8215103?
5
What is the tens digit of 46454?
5
What is the tens digit of 3670585?
8
What is the units digit of 295301?
1
What is the hundred thousands digit of 281805?
2
What is the units digit of 3118185?
5
What is the thousands digit of 19522543?
2
What is the units digit of 112528?
8
What is the units digit of 412665?
5
What is the millions digit of 19135251?
9
What is the hundred thousands digit of 103816?
1
What is the ten thousands digit of 358284?
5
What is the tens digit of 449925?
2
What is the tens digit of 1141249?
4
What is the hundred thousands digit of 501164?
5
What is the units digit of 14680806?
6
What is the units digit of 327988?
8
What is the thousands digit of 574499?
4
What is the ten thousands digit of 166680?
6
What is the hundreds digit of 15037690?
6
What is the thousands digit of 1162183?
2
What is the ten thousands digit of 8212249?
1
What is the units digit of 166917?
7
What is the ten thousands digit of 908805?
0
What is the units digit of 595015?
5
What is the thousands digit of 16974?
6
What is the millions digit of 12109308?
2
What is the tens digit of 551747?
4
What is the hundred thousands digit of 1944031?
9
What is the units digit of 386046?
6
What is the thousands digit of 5167367?
7
What is the thousands digit of 1216186?
6
What is the thousands digit of 10677628?
7
What is the tens digit of 7020511?
1
What is the tens digit of 7417300?
0
What is the hundreds digit of 2421695?
6
What is the thousands digit of 1567574?
7
What is the ten thousands digit of 11029551?
2
What is the ten thousands digit of 148167?
4
What is the ten thousands digit of 1376950?
7
What is the ten thousands digit of 1738556?
3
What is the tens digit of 1152795?
9
What is the thousands digit of 34233976?
3
What is the units digit of 10955242?
2
What is the tens digit of 184300?
0
What is the hundred thousands digit of 3457524?
4
What is the hundred thousands digit of 144792?
1
What is the hundred thousands digit of 14876454?
8
What is the hundred thousands digit of 363738?
3
What is the ten thousands digit of 450064?
5
What is the thousands digit of 115230?
5
What is the units digit of 2469967?
7
What is the hundreds digit of 1455969?
9
What is the millions digit of 1521374?
1
What is the thousands digit of 460232?
0
What is the hundreds digit of 32062569?
5
What is the hundred thousands digit of 213250?
2
What is the ten millions digit of 13441557?
1
What is the hundreds digit of 988062?
0
What is the units digit of 22199?
9
What is the tens digit of 1316350?
5
What is the tens digit of 218830?
3
What is the hundred thousands digit of 3173270?
1
What is the thousands digit of 450196?
0
What is the units digit of 377207?
7
What is the millions digit of 5651381?
5
What is the tens digit of 7530336?
3
What is the tens digit of 465006?
0
What is the tens digit of 283544?
4
What is the hundred thousands digit of 324810?
3
What is the hundreds digit of 13029377?
3
What is the t